).
-32
Let h(l) = -l**2 - 5*l + 10. What is h(-10)?
-40
Let n(l) = l**2 - 12*l - 3. Give n(12).
-3
Let n(t) = t**3 - 13*t**2 + 18*t - 22. What is n(12)?
50
Let n(q) = q**3 - 26*q**2 - 3*q + 72. Calculate n(26).
-6
Let b(r) = r**3 - 8*r**2 - 9*r - 1. Give b(9).
-1
Let i(q) = -10*q + 115. Give i(13).
-15
Let c(k) = 10*k - 130. Determine c(12).
-10
Let l(w) = 2*w**3 - 6*w**2 + 4*w - 6. Give l(3).
6
Let h(x) = -x**2 + 3*x + 27. Calculate h(7).
-1
Let a(z) = -z**2 + 7*z - 6. Calculate a(7).
-6
Let i(o) = -o**3 - 13*o**2 - 13*o. Determine i(-12).
12
Let l(j) = -2*j**3 - j**2 + 8*j + 7. What is l(-3)?
28
Let q(d) = -2*d**3 + 2*d**2 - d - 1. What is q(2)?
-11
Let g(p) = p - 12. What is g(9)?
-3
Let o(g) = g**2 + 16*g - 2. Give o(-13).
-41
Let v(g) = -3*g + 71. Determine v(25).
-4
Let n(v) = -2*v**2 - 4*v - 2. Determine n(-6).
-50
Let j(x) = 2*x**2 + 28*x - 4. What is j(-14)?
-4
Let w(c) = c**2 - 3. Give w(3).
6
Let t(b) = -b**2 + 5*b + 17. Calculate t(9).
-19
Let d(n) = -n**2 - 13*n + 4. Calculate d(-12).
16
Let f(q) = 2*q**3 - q**2 - 10*q - 2. What is f(3)?
13
Let w(o) = -o**3 + 27*o**2 - 26*o + 2. Give w(26).
2
Let b(i) = i + 1. Give b(4).
5
Let g(k) = k + 5. What is g(1)?
6
Let a(r) = -13*r - 214. Determine a(-16).
-6
Let m(u) = u**2 - 3*u - 22. Determine m(0).
-22
Let j(t) = 2*t**2 - 13*t + 2. Determine j(4).
-18
Let r(w) = w - 6. Give r(6).
0
Let u(n) = -6*n - 7. Give u(-7).
35
Let k(f) = f + 9. What is k(-11)?
-2
Let z(s) = -s + 8. Determine z(5).
3
Let u(o) = -o**2 - 2*o. Calculate u(-4).
-8
Let q(p) = -3*p - 2. What is q(6)?
-20
Let i(n) = 3*n**2 + 17*n + 18. Calculate i(-4).
-2
Let o(q) = -q**2 + 8*q - 12. What is o(5)?
3
Let l(f) = -f**2 - 11*f - 10. Give l(-7).
18
Let f(d) = -d**3 + 12*d**2 - 2*d - 3. Determine f(12).
-27
Let i(r) = -r**2 - 5*r + 5. Calculate i(9).
-121
Let n(r) = r**2 - 11*r - 3. Give n(12).
9
Let h(u) = u**2 - 4*u - 22. Give h(6).
-10
Let x(s) = 4*s + 23. Give x(-6).
-1
Let n(j) = 2*j**2 - 17*j - 3. Determine n(9).
6
Let g(w) = w**3 - w**2 + 2*w - 17. Calculate g(3).
7
Let l(c) = -6*c - 45. Calculate l(-7).
-3
Let y(p) = 20*p**2 + 4*p - 4. Determine y(-3).
164
Let y(h) = h**3 - 7*h**2 + 5*h - 2. Determine y(6).
-8
Let z(v) = v**3 - 21*v**2 + 21*v - 12. Calculate z(20).
8
Let w(q) = q**2 + 7*q + 3. Determine w(-9).
21
Let q(a) = a**3 - 14*a**2 - 30*a - 26. Calculate q(16).
6
Let g(c) = 3*c + 3. What is g(-2)?
-3
Let k(v) = v**2 + 2*v. Determine k(1).
3
Let h(q) = q**3 + 28*q**2 + 27*q - 7. What is h(-27)?
-7
Let o(h) = -h**3 + 6*h + 9. What is o(-3)?
18
Let g(r) = -2*r**2 - 53*r + 32. What is g(-27)?
5
Let k(g) = 3*g**2 + 27*g + 14. What is k(-8)?
-10
Let q(y) = 2*y**3 - y**2 - 2*y + 2. What is q(1)?
1
Let c(n) = 14*n**2 - n. What is c(1)?
13
Let s(f) = f**3 + 6*f**2 - 21*f - 91. Calculate s(-7).
7
Let k(a) = -3*a**2 - 2. Determine k(4).
-50
Let l(p) = -p**2 + 15*p. What is l(8)?
56
Let g(q) = -42*q - 455. Determine g(-11).
7
Let f(b) = -b**3 + 20*b**2 - 31*b - 94. Calculate f(18).
-4
Let k(h) = h**2 - 12*h + 18. Determine k(11).
7
Let m(n) = -n**3 - 5*n**2 + n + 1. Calculate m(-4).
-19
Let q(s) = -3*s - 15. What is q(-3)?
-6
Let w(m) = m**2 - 11*m - 39. Give w(-3).
3
Let n(d) = 12*d**2 + 30*d + 2. Calculate n(-2).
-10
Let d(p) = -2*p**3 + 11*p**2 - 4*p - 8. Give d(5).
-3
Let b(m) = m**3 - 8*m**2 - 7*m + 9. Give b(8).
-47
Let g(k) = k**3 - 8*k**2 + 3*k - 26. Give g(8).
-2
Let g(t) = -t + 17. Give g(10).
7
Let n(p) = -29*p - 55. Determine n(-3).
32
Let p(j) = -4*j - 26. Calculate p(-16).
38
Let g(j) = j**3 + 10*j**2 + 26*j + 144. What is g(-9)?
-9
Let b(s) = -s**3 + 9*s**2 - s + 8. Determine b(8).
64
Let c(k) = -184*k - 2. Give c(0).
-2
Let g(b) = 2*b - 99. Determine g(42).
-15
Let g(t) = -t + 7. Give g(5).
2
Let n(w) = -w**3 - 5*w**2 - 4*w - 1. Determine n(-4).
-1
Let p(x) = x**2 + 5*x + 8. Give p(-6).
14
Let h(m) = m**3 - 2*m**2 + 9*m + 2. Determine h(5).
122
Let q(o) = o**3 + 22*o**2 - 50*o - 48. Give q(-24).
0
Let u(m) = -5*m + 32. Determine u(1).
27
Let f(r) = -2*r**2 - 14*r + 8. Give f(-7).
8
Let x(g) = -g**3 - 2*g**2 - 3*g - 4. Give x(3).
-58
Let d(t) = -t**2 + 9*t - 5. Give d(8).
3
Let n(s) = s**3 + 12*s**2 + 14*s + 12. Determine n(-11).
-21
Let i(y) = -3*y + 4. Determine i(-4).
16
Let l(i) = -12*i**2 + 37*i - 35. What is l(1)?
-10
Let v(w) = -w**2 + 26*w - 25. Determine v(18).
119
Let q(u) = u**2 - 14. Calculate q(-4).
2
Let a(k) = -13*k - 54. Determine a(-14).
128
Let f(l) = -l**3 + 4*l - 1. Calculate f(4).
-49
Let w(a) = -3*a**2 - 24*a + 50. Calculate w(2).
-10
Let o(p) = p**3 + 2*p**2 + 5*p + 3. Calculate o(0).
3
Let h(g) = g**3 + 20*g**2 - 22*g - 20. Calculate h(-21).
1
Let r(o) = 21*o**2 - 3*o - 4. Give r(-1).
20
Let y(s) = s**3 + 6*s**2 + 2*s - 4. Give y(-6).
-16
Let s(h) = -43*h - 175. What is s(-4)?
-3
Let f(d) = -80*d + 12. Calculate f(1).
-68
Let u(c) = 2*c + 22. Calculate u(-10).
2
Let z(f) = f**3 + 9*f**2 + 5*f - 10. Calculate z(-8).
14
Let m(q) = 8*q - 93. What is m(12)?
3
Let s(a) = -3*a**3 + 2*a**2 + 4*a - 5. Determine s(2).
-13
Let s(u) = -u - 8. Calculate s(-9).
1
Let g(m) = -3*m**2 - 10*m + 26. Determine g(-5).
1
Let r(y) = 5*y**2 + 6*y - 12. Give r(2).
20
Let q(v) = 5*v - 14. What is q(3)?
1
Let d(p) = -7*p - 1. Determine d(2).
-15
Let r(o) = 9*o - 59. Determine r(7).
4
Let t(v) = 2*v**2 - 8*v + 3. Give t(5).
13
Let o(x) = x**3 - x**2 + 3*x + 4. Give o(3).
31
Let h(m) = 11*m + 235. Give h(-21).
4
Let v(s) = s**3 + 7*s**2 + 4*s - 3. What is v(-4)?
29
Let v(u) = u + 13. Give v(0).
13
Let q(a) = -a**3 - 2*a**2 - 3*a - 2. Give q(-1).
0
Let s(n) = n**2 - 9*n - 9. What is s(10)?
1
Let n(t) = -6*t + 37. Calculate n(6).
1
Let b(i) = -i**2 - 20*i + 19. Give b(-15).
94
Let f(z) = -z**3 - 19*z**2 + 23*z + 67. What is f(-20)?
7
Let w(u) = -u**3 - 6*u**2 - 7*u - 11. Give w(-5).
-1
Let j(d) = -5*d - 42. Determine j(6).
-72
Let n(s) = 2*s**3 - 3*s**2 + 4. Calculate n(-2).
-24
Let p(y) = y**2 + 41. Give p(0).
41
Let a(d) = d**3 + 11*d**2 + 19*d + 20. Give a(-9).
11
Let d(i) = -3*i**3 + 3*i**2. Give d(2).
-12
Let c(o) = 7*o**3 + o**2 - 2*o + 1. Calculate c(1).
7
Let z(t) = 32*t**3 - t**2 - t + 1. What is z(1)?
31
Let i(t) = -t**2 - 48*t - 251. Give i(-6).
1
Let o(j) = -6*j**2 - 1. Calculate o(1).
-7
Let q(y) = y**2 + 14*y + 19. What is q(-13)?
6
Let t(s) = s**3 - 6*s**2 - 10. What is t(5)?
-35
Let t(q) = q**3 + 6*q**2 + 14*q + 39. Calculate t(-5).
-6
Let y(z) = -z**3 + 4*z + 3. What is y(-1)?
0
Let w(o) = -o**2 + 44*o + 3. What is w(44)?
3
Let i(q) = 56*q + 568. Give i(-10).
8
Let r(p) = -4*p**2 - 26*p + 1. Give r(-6).
13
Let o(p) = -p**2 - 3*p + 7. Determine o(-5).
-3
Let b(r) = -13*r**2 - 6*r - 3. Calculate b(3).
-138
Let g(y) = -y**2 + 2*y - 7. What is g(-3)?
-22
Let y(c) = -3*c**3 + c**2 + c. Give y(3).
-69
Let g(y) = -56*y**3 - 2*y**2 + 3*y - 2. Determine g(1).
-57
Let c(k) = -k**2 - 9*k - 13. Determine c(-9).
-13
Let o(z) = -z**3 - 2*z**2 + 2*z + 6. Determine o(-2).
2
Let j(v) = -2*v**3 - 3*v**2 - 3*v - 2. Calculate j(-2).
8
Let h(p) = p**2 + 8*p + 6. Give h(-8).
6
Let t(z) = 7*z**3 - 41*z**2 - 7*z + 11. Calculate t(6).
5
Let l(m) = 2*m**2 - 12*m + 8. Give l(11).
118
Let k(c) = -2*c**3 + c**2 - 4*c + 5. What is k(3)?
-52
Let w(q) = q**3 - 6*q**2 + 6*q + 5. Calculate w(6).
41
Let h(d) = 2*d - 22. Determine h(11).
0
Let z(r) = -r**3 - 3*r**2 + 5*r - 5. Calculate z(-5).
20
Let u(m) = 3*m**2 - 17*m. What is u(6)?
6
Let u(d) = 8*d + 2. Determine u(-2).
-14
Let q(s) = s**2 + 4*s + 3. Give q(-3).
0
Let h(x) = -27*x - 60. What is h(-2)?
-6
Let k(g) = -8*g + 2. What is k(-1)?
10
Let r(l) = -21*l**3 - 2*l - 1. Calculate r(-1).
22
Let y(x) = -x**3 + 5*x**2 + 3*x + 4. What is y(6)?
-14
Let z(t) = t**3 - 4*t**2 - 12*t + 17. Give z(6).
17
Let o(v) = v**2 - 18*v + 68. What is o(12)?
-4
Let y(a) = 54*a - 277. Calculate y(5).
-7
Let b(u) = 4*u**2 + 74*u + 11. Calculate b(-18).
-25
Let m(r) = r**3 + 12*r**2 - 9*r + 25. Determine m(-13).
-27
Let t(l) = -4*l**3 - l**2 + 3. What is t(-2)?
31
Let j(b) = 12*b - 5. Give j(5).
55
Let q(c) = 2*c**3 - 4*c**2 - 7*c + 5. Give q(4).
41
Let b(g) = -g - 6. Give b(-3).
-3
Let z(p) = p**3 + 8*p**2 - 14*p - 38. Calculate z(-9).
7
Let j(d) = 70*d - 346. What is j(5)?
4
Let o(h) = -2*h**2 - 8*h + 1. Determine o(-5).
-9
Let i(m) = -6*m**2 - 3*m - 2. What is i(-2)?
-20
Let n(d) = -d**2 + 7*